tors of 8303240.
2, 5, 11, 113, 167
What are the prime factors of 49080162?
2, 3, 8180027
What are the prime factors of 1029932577?
3, 383, 33199
What are the prime factors of 6420187?
337, 19051
List the prime factors of 14744080.
2, 5, 13, 14177
What are the prime factors of 1522388645?
5, 304477729
List the prime factors of 130211931.
3, 1523, 28499
List the prime factors of 170212196.
2, 7, 11, 31, 17827
What are the prime factors of 461947559?
109, 937, 4523
What are the prime factors of 329226410?
2, 5, 269, 122389
List the prime factors of 141949968.
2, 3, 593, 4987
List the prime factors of 86344420.
2, 5, 53, 81457
List the prime factors of 1410548587.
7, 293, 687737
List the prime factors of 588852388.
2, 983, 149759
What are the prime factors of 5960280896?
2, 241, 386429
List the prime factors of 17411944.
2, 11, 17, 103, 113
What are the prime factors of 3425630?
2, 5, 13, 2027
List the prime factors of 17279900.
2, 5, 11, 23, 683
What are the prime factors of 106585144?
2, 571, 23333
What are the prime factors of 345434826?
2, 3, 11, 61, 239, 359
What are the prime factors of 83778269?
83778269
List the prime factors of 508267661.
11, 31, 151, 9871
List the prime factors of 281602170.
2, 3, 5, 223, 1559
List the prime factors of 1131350777.
1131350777
What are the prime factors of 612626019?
3, 2531, 80683
What are the prime factors of 3884317831?
37, 67, 1566889
What are the prime factors of 1154847127?
7, 1997, 82613
What are the prime factors of 140908994?
2, 23, 401, 7639
What are the prime factors of 238715679?
3, 47, 643, 2633
What are the prime factors of 1982132368?
2, 29, 829, 5153
What are the prime factors of 12645696?
2, 3, 7, 97
What are the prime factors of 381251737?
37, 53, 433, 449
What are the prime factors of 1340320717?
13831, 96907
List the prime factors of 762038449.
139, 5482291
List the prime factors of 364647785.
5, 72929557
What are the prime factors of 95747736?
2, 3, 7, 569927
What are the prime factors of 13736306?
2, 17, 404009
What are the prime factors of 439241174?
2, 219620587
What are the prime factors of 1433397092?
2, 17, 21079369
What are the prime factors of 262534614?
2, 3, 233, 187793
What are the prime factors of 2639365147?
71, 3613, 10289
What are the prime factors of 5973006872?
2, 7, 337, 316501
What are the prime factors of 2065951408?
2, 421, 306703
List the prime factors of 274679955.
3, 5, 11, 643, 863
List the prime factors of 79775185.
5, 7, 359, 907
List the prime factors of 41606564.
2, 59, 176299
What are the prime factors of 137001183?
3, 11, 31, 157, 853
What are the prime factors of 11434563?
3, 7, 181501
List the prime factors of 3076458854.
2, 7, 219747061
List the prime factors of 3115575235.
5, 623115047
What are the prime factors of 2534828673?
3, 13, 17, 3823271
List the prime factors of 95107790.
2, 5, 47, 202357
What are the prime factors of 91922628?
2, 3, 7, 23, 971
List the prime factors of 1084045997.
67, 107, 151213
List the prime factors of 466029427.
23, 229, 3847
What are the prime factors of 69585505?
5, 11, 17, 19, 3917
What are the prime factors of 201907416?
2, 3, 8412809
List the prime factors of 371771990.
2, 5, 37177199
List the prime factors of 110235462.
2, 3, 18372577
List the prime factors of 696255579.
3, 4019, 19249
What are the prime factors of 922190569?
922190569
List the prime factors of 363118843.
89, 4079987
What are the prime factors of 8005121?
8005121
What are the prime factors of 381136149?
3, 37, 953, 1201
List the prime factors of 120566720.
2, 5, 17, 37, 599
List the prime factors of 83351159.
101, 825259
List the prime factors of 21543388.
2, 31, 71, 2447
List the prime factors of 198623475.
3, 5, 41, 7177
List the prime factors of 1023605660.
2, 5, 7, 11, 664679
List the prime factors of 18475713.
3, 2052857
What are the prime factors of 940383077?
940383077
List the prime factors of 212594631.
3, 70864877
What are the prime factors of 546759241?
7, 78108463
List the prime factors of 36249150.
2, 3, 5, 7, 19, 23, 79
List the prime factors of 173024268.
2, 3, 31, 465119
What are the prime factors of 38056415?
5, 7611283
What are the prime factors of 2093767075?
5, 661, 126703
List the prime factors of 72876496.
2, 7, 11, 149, 397
List the prime factors of 75035400.
2, 3, 5, 11, 11369
What are the prime factors of 974993014?
2, 409, 1191923
List the prime factors of 1851095489.
307, 2239, 2693
What are the prime factors of 41866773?
3, 13, 1073507
What are the prime factors of 72262081?
1117, 64693
List the prime factors of 2882575517.
31, 92986307
List the prime factors of 2327850.
2, 3, 5, 7, 739
What are the prime factors of 1244703189?
3, 1201, 345463
What are the prime factors of 173886027?
3, 7, 8280287
What are the prime factors of 8801665440?
2, 3, 5, 307, 59729
List the prime factors of 2488670359.
7, 31, 691, 2371
What are the prime factors of 766163190?
2, 3, 5, 13, 349, 433
What are the prime factors of 311991537?
3, 11, 13, 71, 10243
What are the prime factors of 147171673?
11, 41, 326323
What are the prime factors of 31255735?
5, 7, 23, 41, 947
List the prime factors of 377533509.
3, 1123, 112061
What are the prime factors of 2761668200?
2, 5, 173, 79817
What are the prime factors of 3634911175?
5, 7, 20770921
List the prime factors of 21910604.
2, 107, 51193
What are the prime factors of 75846591?
3, 719, 3907
List the prime factors of 25503211.
131, 194681
List the prime factors of 48518496.
2, 3, 13, 12959
List the prime factors of 149571035.
5, 53, 564419
List the prime factors of 503285694.
2, 3, 59, 1421711
List the prime factors of 7025812412.
2, 1756453103
List the prime factors of 575091916.
2, 7, 179, 114743
What are the prime factors of 799196569?
67, 11928307
What are the prime factors of 361315971?
3, 43, 151, 229
What are the prime factors of 8355931022?
2, 31, 3677, 36653
What are the prime factors of 462831832?
2, 6449, 8971
What are the prime factors of 41778494?
2, 673, 31039
What are the prime factors of 185842932?
2, 3, 11, 149, 859
List the prime factors of 184343091.
3, 23, 173, 15443
List the prime factors of 437223712.
2, 53, 257797
List the prime factors of 23489649.
3, 113, 7699
What are the prime factors of 1165342262?
2, 7, 41, 2030213
What are the prime factors of 57187253?
57187253
List the prime factors of 201437211.
3, 67145737
What are the prime factors of 31465266?
2, 3, 7, 17, 127, 347
What are the prime factors of 40794980?
2, 5, 563, 3623
List the prime factors of 244615364.
2, 7, 8736263
What are the prime factors of 2344347208?
2, 7, 233, 179671
List the prime factors of 6335506622.
2, 3167753311
List the prime factors of 885964738.
2, 23, 19260103
What are the prime factors of 111894982?
2, 383, 146077
What are the prime factors of 230185802?
2, 7, 11, 1123
What are the prime factors of 6220855?
5, 79, 15749
List the prime factors of 49337360.
2, 5, 616717
What are the prime factors of 1713812378?
2, 856906189
List the prime factors of 914908945.
5, 3221, 56809
What are the prime factors of 119825119?
119825119
List the prime factors of 5116781105.
5, 31, 127, 259933
What are the prime factors of 228454847?
228454847
What are the prime factors of 360441803?
17, 21202459
What are the prime factors of 108457528?
2, 13557191
What are the prime factors of 8993366?
2, 4496683
What are the prime factors of 2231192495?
5, 7, 739, 86263
List the prime factors of 1039185347.
97, 1217, 8803
What are the prime factors of 24130612?
2, 11, 548423
List the prime factors of 8878829.
733, 12113
What are the prime factors of 599756023?
599756023
List the prime factors of 4526792623.
17, 67, 3974357
What are the prime factors of 4147787659?
61, 67996519
List the prime factors of 860254250.
2, 5, 3441017
What are the prime factors of 1514221186?
2, 757110593
List the prime factors of 70936230.
2, 3, 5, 463, 5107
What are the prime factors of 58030375?
5, 13, 41, 67
What are the prime factors of 107280365?
5, 19, 389, 2903
List the prime factors of 1964359733.
7, 31, 41, 220789
List the prime factors of 4327997587.
4327997587
What are the prime factors of 2165648906?
2, 67, 16161559
List the prime factors of 1385858292.
2, 3, 7, 13, 17, 74653
What are the prime factors of 17149340?
2, 5, 13, 7